{"id":361,"date":"2024-10-11T08:27:31","date_gmt":"2024-10-11T08:27:31","guid":{"rendered":"https:\/\/www.quark-leinoel-meile.de\/?page_id=361"},"modified":"2025-09-04T07:36:00","modified_gmt":"2025-09-04T07:36:00","slug":"impression-2024","status":"publish","type":"page","link":"https:\/\/www.quark-leinoel-meile.de\/?page_id=361","title":{"rendered":"Impression 2024"},"content":{"rendered":"\n<h2 class=\"wp-block-heading\"><mark style=\"background-color:rgba(0, 0, 0, 0);color:#e8ba02\" class=\"has-inline-color\">Verkosten \u2013 Bestauen \u2013 Flanieren \u2013 Mitmachen &#8230;<\/mark><\/h2>\n\n\n\n<h3 class=\"wp-block-heading\">R\u00fcckblick <\/h3>\n\n\n\n<ul class=\"wp-block-list\">\n<li>2. Quark-Lein\u00f6l-Meile<\/li>\n\n\n\n<li>Datum: Samstag, den 05.10.2024<\/li>\n\n\n\n<li>Uhrzeit: 11:30 bis 17:00 Uhr<\/li>\n\n\n\n<li>Ort: L\u00fcbbener Marktplatz<\/li>\n\n\n\n<li>Veranstalter: Tourismusverein L\u00fcbben &amp; Umgebung e. V.<\/li>\n<\/ul>\n\n\n\n<hr class=\"wp-block-separator has-alpha-channel-opacity\"\/>\n\n\n\n<h2 class=\"wp-block-heading\"><mark style=\"background-color:rgba(0, 0, 0, 0);color:#e8ba02\" class=\"has-inline-color\">Besondere Highlights der Quark-Lein\u00f6l-Meile 2024<\/mark><\/h2>\n\n\n\n<p><strong>Ab 11:30 Uhr<\/strong><\/p>\n\n\n\n<ul class=\"wp-block-list\">\n<li>Live-Musik von Juliane Stoffregen aus Sch\u00f6nwalde mit tollen Oldies, Evergreens \u2026<\/li>\n<\/ul>\n\n\n\n<figure class=\"wp-block-image size-large\"><img loading=\"lazy\" decoding=\"async\" width=\"1024\" height=\"512\" src=\"https:\/\/www.quark-leinoel-meile.de\/wp-content\/uploads\/2024\/09\/1200x600_Quark_13-1024x512.jpg\" alt=\"\" class=\"wp-image-294\" srcset=\"https:\/\/www.quark-leinoel-meile.de\/wp-content\/uploads\/2024\/09\/1200x600_Quark_13-1024x512.jpg 1024w, https:\/\/www.quark-leinoel-meile.de\/wp-content\/uploads\/2024\/09\/1200x600_Quark_13-300x150.jpg 300w, https:\/\/www.quark-leinoel-meile.de\/wp-content\/uploads\/2024\/09\/1200x600_Quark_13-768x384.jpg 768w, https:\/\/www.quark-leinoel-meile.de\/wp-content\/uploads\/2024\/09\/1200x600_Quark_13-960x480.jpg 960w, https:\/\/www.quark-leinoel-meile.de\/wp-content\/uploads\/2024\/09\/1200x600_Quark_13.jpg 1200w\" sizes=\"(max-width: 1024px) 100vw, 1024px\" \/><\/figure>\n\n\n\n<ul class=\"wp-block-list\">\n<li>Tolle Mitmach-Aktion f\u00fcr Kinder: Die Bastelstation wird von L\u00fcbbener K\u00fcnstlern und engagierten Ehrenamtlern aus der Region betreut.<\/li>\n<\/ul>\n\n\n\n<figure class=\"wp-block-image size-large\"><img loading=\"lazy\" decoding=\"async\" width=\"1024\" height=\"512\" src=\"https:\/\/www.quark-leinoel-meile.de\/wp-content\/uploads\/2024\/09\/1200x600_Kids-Programm-1024x512.jpg\" alt=\"\" class=\"wp-image-299\" srcset=\"https:\/\/www.quark-leinoel-meile.de\/wp-content\/uploads\/2024\/09\/1200x600_Kids-Programm-1024x512.jpg 1024w, https:\/\/www.quark-leinoel-meile.de\/wp-content\/uploads\/2024\/09\/1200x600_Kids-Programm-300x150.jpg 300w, https:\/\/www.quark-leinoel-meile.de\/wp-content\/uploads\/2024\/09\/1200x600_Kids-Programm-768x384.jpg 768w, https:\/\/www.quark-leinoel-meile.de\/wp-content\/uploads\/2024\/09\/1200x600_Kids-Programm-960x480.jpg 960w, https:\/\/www.quark-leinoel-meile.de\/wp-content\/uploads\/2024\/09\/1200x600_Kids-Programm.jpg 1200w\" sizes=\"(max-width: 1024px) 100vw, 1024px\" \/><\/figure>\n\n\n\n<p><strong>Ab 14:00 Uhr:<\/strong><\/p>\n\n\n\n<ul class=\"wp-block-list\">\n<li>Auftritt der Lutki &#8211; der L\u00fcbbener Trachtentanzgruppe der Kita Spreewald und Hort der Liuba Grundschule<\/li>\n<\/ul>\n\n\n\n<figure class=\"wp-block-image size-large\"><img loading=\"lazy\" decoding=\"async\" width=\"1024\" height=\"512\" src=\"https:\/\/www.quark-leinoel-meile.de\/wp-content\/uploads\/2024\/09\/1200x600_Lutki_1-1024x512.jpg\" alt=\"\" class=\"wp-image-298\" srcset=\"https:\/\/www.quark-leinoel-meile.de\/wp-content\/uploads\/2024\/09\/1200x600_Lutki_1-1024x512.jpg 1024w, https:\/\/www.quark-leinoel-meile.de\/wp-content\/uploads\/2024\/09\/1200x600_Lutki_1-300x150.jpg 300w, https:\/\/www.quark-leinoel-meile.de\/wp-content\/uploads\/2024\/09\/1200x600_Lutki_1-768x384.jpg 768w, https:\/\/www.quark-leinoel-meile.de\/wp-content\/uploads\/2024\/09\/1200x600_Lutki_1-960x480.jpg 960w, https:\/\/www.quark-leinoel-meile.de\/wp-content\/uploads\/2024\/09\/1200x600_Lutki_1.jpg 1200w\" sizes=\"(max-width: 1024px) 100vw, 1024px\" \/><\/figure>\n\n\n\n<p><strong>Ab 15:30 Uhr<\/strong><\/p>\n\n\n\n<ul class=\"wp-block-list\">\n<li>Auftritt von G\u00fcnni &#8211; Der singende Spreewaldwirt aus L\u00fcbben (<em>Sponsored by <\/em>Altes G\u00e4rtnerhaus L\u00fcbben<em>)<\/em><\/li>\n<\/ul>\n\n\n\n<figure class=\"wp-block-image size-large\"><img loading=\"lazy\" decoding=\"async\" width=\"1024\" height=\"512\" src=\"https:\/\/www.quark-leinoel-meile.de\/wp-content\/uploads\/2024\/09\/1200x600_Guennijpg-1024x512.jpg\" alt=\"\" class=\"wp-image-297\" srcset=\"https:\/\/www.quark-leinoel-meile.de\/wp-content\/uploads\/2024\/09\/1200x600_Guennijpg-1024x512.jpg 1024w, https:\/\/www.quark-leinoel-meile.de\/wp-content\/uploads\/2024\/09\/1200x600_Guennijpg-300x150.jpg 300w, https:\/\/www.quark-leinoel-meile.de\/wp-content\/uploads\/2024\/09\/1200x600_Guennijpg-768x384.jpg 768w, https:\/\/www.quark-leinoel-meile.de\/wp-content\/uploads\/2024\/09\/1200x600_Guennijpg-960x480.jpg 960w, https:\/\/www.quark-leinoel-meile.de\/wp-content\/uploads\/2024\/09\/1200x600_Guennijpg.jpg 1200w\" sizes=\"(max-width: 1024px) 100vw, 1024px\" \/><\/figure>\n\n\n\n<p><strong>Ab 19:00 Uhr<\/strong><\/p>\n\n\n\n<ul class=\"wp-block-list\">\n<li>Lampionumzug: Die Musikschule &#8222;Fr\u00f6hlich&#8220; wird den Lampionumzug musikalisch begleiten. Bringt Euren Lampion mit und freut Euch auf eine tollen Umzug durch die Spreewaldstadt L\u00fcbben. Treffpunkt: Paul-Gerhardt-Denkmal <\/li>\n<\/ul>\n\n\n\n<figure class=\"wp-block-image size-full\"><img loading=\"lazy\" decoding=\"async\" width=\"600\" height=\"300\" src=\"https:\/\/www.quark-leinoel-meile.de\/wp-content\/uploads\/2024\/10\/Musikschule_Froehlich.jpg\" alt=\"\" class=\"wp-image-342\" srcset=\"https:\/\/www.quark-leinoel-meile.de\/wp-content\/uploads\/2024\/10\/Musikschule_Froehlich.jpg 600w, https:\/\/www.quark-leinoel-meile.de\/wp-content\/uploads\/2024\/10\/Musikschule_Froehlich-300x150.jpg 300w\" sizes=\"(max-width: 600px) 100vw, 600px\" \/><\/figure>\n\n\n\n<h2 class=\"wp-block-heading\"><\/h2>\n","protected":false},"excerpt":{"rendered":"<p>Verkosten \u2013 Bestauen \u2013 Flanieren \u2013 Mitmachen &#8230; R\u00fcckblick Besondere Highlights der Quark-Lein\u00f6l-Meile 2024 Ab 11:30 Uhr Ab 14:00 Uhr: Ab 15:30 Uhr Ab 19:00 Uhr<\/p>\n","protected":false},"author":1,"featured_media":0,"parent":0,"menu_order":0,"comment_status":"closed","ping_status":"closed","template":"","meta":{"footnotes":""},"class_list":["post-361","page","type-page","status-publish","hentry","post"],"_links":{"self":[{"href":"https:\/\/www.quark-leinoel-meile.de\/index.php?rest_route=\/wp\/v2\/pages\/361"}],"collection":[{"href":"https:\/\/www.quark-leinoel-meile.de\/index.php?rest_route=\/wp\/v2\/pages"}],"about":[{"href":"https:\/\/www.quark-leinoel-meile.de\/index.php?rest_route=\/wp\/v2\/types\/page"}],"author":[{"embeddable":true,"href":"https:\/\/www.quark-leinoel-meile.de\/index.php?rest_route=\/wp\/v2\/users\/1"}],"replies":[{"embeddable":true,"href":"https:\/\/www.quark-leinoel-meile.de\/index.php?rest_route=%2Fwp%2Fv2%2Fcomments&post=361"}],"version-history":[{"count":6,"href":"https:\/\/www.quark-leinoel-meile.de\/index.php?rest_route=\/wp\/v2\/pages\/361\/revisions"}],"predecessor-version":[{"id":392,"href":"https:\/\/www.quark-leinoel-meile.de\/index.php?rest_route=\/wp\/v2\/pages\/361\/revisions\/392"}],"wp:attachment":[{"href":"https:\/\/www.quark-leinoel-meile.de\/index.php?rest_route=%2Fwp%2Fv2%2Fmedia&parent=361"}],"curies":[{"name":"wp","href":"https:\/\/api.w.org\/{rel}","templated":true}]}}

<h2 class="wp-block-heading"><mark style="background-color:rgba(0, 0, 0, 0);color:#e8ba02" class="has-inline-color">Verkosten – Bestauen – Flanieren – Mitmachen &#8230;</mark></h2>



<h3 class="wp-block-heading">Rückblick </h3>



<ul class="wp-block-list">
<li>2. Quark-Leinöl-Meile</li>



<li>Datum: Samstag, den 05.10.2024</li>



<li>Uhrzeit: 11:30 bis 17:00 Uhr</li>



<li>Ort: Lübbener Marktplatz</li>



<li>Veranstalter: Tourismusverein Lübben &amp; Umgebung e. V.</li>
</ul>



<hr class="wp-block-separator has-alpha-channel-opacity"/>



<h2 class="wp-block-heading"><mark style="background-color:rgba(0, 0, 0, 0);color:#e8ba02" class="has-inline-color">Besondere Highlights der Quark-Leinöl-Meile 2024</mark></h2>



<p><strong>Ab 11:30 Uhr</strong></p>



<ul class="wp-block-list">
<li>Live-Musik von Juliane Stoffregen aus Schönwalde mit tollen Oldies, Evergreens …</li>
</ul>



<figure class="wp-block-image size-large"><img loading="lazy" decoding="async" width="1024" height="512" src="https://www.quark-leinoel-meile.de/wp-content/uploads/2024/09/1200x600_Quark_13-1024x512.jpg" alt="" class="wp-image-294" srcset="https://www.quark-leinoel-meile.de/wp-content/uploads/2024/09/1200x600_Quark_13-1024x512.jpg 1024w, https://www.quark-leinoel-meile.de/wp-content/uploads/2024/09/1200x600_Quark_13-300x150.jpg 300w, https://www.quark-leinoel-meile.de/wp-content/uploads/2024/09/1200x600_Quark_13-768x384.jpg 768w, https://www.quark-leinoel-meile.de/wp-content/uploads/2024/09/1200x600_Quark_13-960x480.jpg 960w, https://www.quark-leinoel-meile.de/wp-content/uploads/2024/09/1200x600_Quark_13.jpg 1200w" sizes="(max-width: 1024px) 100vw, 1024px" /></figure>



<ul class="wp-block-list">
<li>Tolle Mitmach-Aktion für Kinder: Die Bastelstation wird von Lübbener Künstlern und engagierten Ehrenamtlern aus der Region betreut.</li>
</ul>



<figure class="wp-block-image size-large"><img loading="lazy" decoding="async" width="1024" height="512" src="https://www.quark-leinoel-meile.de/wp-content/uploads/2024/09/1200x600_Kids-Programm-1024x512.jpg" alt="" class="wp-image-299" srcset="https://www.quark-leinoel-meile.de/wp-content/uploads/2024/09/1200x600_Kids-Programm-1024x512.jpg 1024w, https://www.quark-leinoel-meile.de/wp-content/uploads/2024/09/1200x600_Kids-Programm-300x150.jpg 300w, https://www.quark-leinoel-meile.de/wp-content/uploads/2024/09/1200x600_Kids-Programm-768x384.jpg 768w, https://www.quark-leinoel-meile.de/wp-content/uploads/2024/09/1200x600_Kids-Programm-960x480.jpg 960w, https://www.quark-leinoel-meile.de/wp-content/uploads/2024/09/1200x600_Kids-Programm.jpg 1200w" sizes="(max-width: 1024px) 100vw, 1024px" /></figure>



<p><strong>Ab 14:00 Uhr:</strong></p>



<ul class="wp-block-list">
<li>Auftritt der Lutki &#8211; der Lübbener Trachtentanzgruppe der Kita Spreewald und Hort der Liuba Grundschule</li>
</ul>



<figure class="wp-block-image size-large"><img loading="lazy" decoding="async" width="1024" height="512" src="https://www.quark-leinoel-meile.de/wp-content/uploads/2024/09/1200x600_Lutki_1-1024x512.jpg" alt="" class="wp-image-298" srcset="https://www.quark-leinoel-meile.de/wp-content/uploads/2024/09/1200x600_Lutki_1-1024x512.jpg 1024w, https://www.quark-leinoel-meile.de/wp-content/uploads/2024/09/1200x600_Lutki_1-300x150.jpg 300w, https://www.quark-leinoel-meile.de/wp-content/uploads/2024/09/1200x600_Lutki_1-768x384.jpg 768w, https://www.quark-leinoel-meile.de/wp-content/uploads/2024/09/1200x600_Lutki_1-960x480.jpg 960w, https://www.quark-leinoel-meile.de/wp-content/uploads/2024/09/1200x600_Lutki_1.jpg 1200w" sizes="(max-width: 1024px) 100vw, 1024px" /></figure>



<p><strong>Ab 15:30 Uhr</strong></p>



<ul class="wp-block-list">
<li>Auftritt von Günni &#8211; Der singende Spreewaldwirt aus Lübben (<em>Sponsored by </em>Altes Gärtnerhaus Lübben<em>)</em></li>
</ul>



<figure class="wp-block-image size-large"><img loading="lazy" decoding="async" width="1024" height="512" src="https://www.quark-leinoel-meile.de/wp-content/uploads/2024/09/1200x600_Guennijpg-1024x512.jpg" alt="" class="wp-image-297" srcset="https://www.quark-leinoel-meile.de/wp-content/uploads/2024/09/1200x600_Guennijpg-1024x512.jpg 1024w, https://www.quark-leinoel-meile.de/wp-content/uploads/2024/09/1200x600_Guennijpg-300x150.jpg 300w, https://www.quark-leinoel-meile.de/wp-content/uploads/2024/09/1200x600_Guennijpg-768x384.jpg 768w, https://www.quark-leinoel-meile.de/wp-content/uploads/2024/09/1200x600_Guennijpg-960x480.jpg 960w, https://www.quark-leinoel-meile.de/wp-content/uploads/2024/09/1200x600_Guennijpg.jpg 1200w" sizes="(max-width: 1024px) 100vw, 1024px" /></figure>



<p><strong>Ab 19:00 Uhr</strong></p>



<ul class="wp-block-list">
<li>Lampionumzug: Die Musikschule &#8222;Fröhlich&#8220; wird den Lampionumzug musikalisch begleiten. Bringt Euren Lampion mit und freut Euch auf eine tollen Umzug durch die Spreewaldstadt Lübben. Treffpunkt: Paul-Gerhardt-Denkmal </li>
</ul>



<figure class="wp-block-image size-full"><img loading="lazy" decoding="async" width="600" height="300" src="https://www.quark-leinoel-meile.de/wp-content/uploads/2024/10/Musikschule_Froehlich.jpg" alt="" class="wp-image-342" srcset="https://www.quark-leinoel-meile.de/wp-content/uploads/2024/10/Musikschule_Froehlich.jpg 600w, https://www.quark-leinoel-meile.de/wp-content/uploads/2024/10/Musikschule_Froehlich-300x150.jpg 300w" sizes="(max-width: 600px) 100vw, 600px" /></figure>



<h2 class="wp-block-heading"></h2>

<p>Verkosten – Bestauen – Flanieren – Mitmachen &#8230; Rückblick Besondere Highlights der Quark-Leinöl-Meile 2024 Ab 11:30 Uhr Ab 14:00 Uhr: Ab 15:30 Uhr Ab 19:00 Uhr</p>
