{"id":127,"date":"2023-09-04T18:51:11","date_gmt":"2023-09-04T18:51:11","guid":{"rendered":"http:\/\/www.quark-leinoel-meile.de\/?page_id=127"},"modified":"2025-09-04T07:27:28","modified_gmt":"2025-09-04T07:27:28","slug":"shoppingnacht","status":"publish","type":"page","link":"https:\/\/www.quark-leinoel-meile.de\/?page_id=127","title":{"rendered":"Shoppingnacht"},"content":{"rendered":"\n<p><strong>L\u00fcbbener Shoppingnacht 2025 von 15:00 bis 21:00 Uhr  <\/strong><\/p>\n\n\n\n<p>Die Innenstadt von L\u00fcbben ist Zentrum unseres Einzelhandels und wichtiger Teil unseres \u00f6ffentlichen Lebens. Zur Shoppingnacht laden die L\u00fcbbener Akteure der Innenstadt ab 15:00 Uhr ein, herausgel\u00f6st aus der Hektik des Alltages, durch die geschm\u00fcckten Gesch\u00e4fte zu flanieren und in angenehmer Atmosph\u00e4re zu shoppen.<\/p>\n\n\n\n<hr class=\"wp-block-separator has-alpha-channel-opacity\"\/>\n\n\n\n<h2 class=\"wp-block-heading\"><mark style=\"background-color:rgba(0, 0, 0, 0);color:#e8ba02\" class=\"has-inline-color\">Programm<\/mark><\/h2>\n\n\n\n<p><strong>Ab 11:00 bis 17:00 Uhr: Quark-Lein\u00f6l-Meile  <\/strong><\/p>\n\n\n\n<ul class=\"wp-block-list\">\n<li>Start der 3. Quark-Lein\u00f6l-Meile auf dem L\u00fcbbener Marktplatz<\/li>\n<\/ul>\n\n\n\n<p><strong>Ab 15:00 bis 21:00 Uhr: Shoppingnacht in der L\u00fcbbener Innenstadt<\/strong><\/p>\n\n\n\n<ul class=\"wp-block-list\">\n<li>Alle teilnehmenden Gesch\u00e4fte laden zu einem entspannten Einkaufs-Bummel durch die Innenstadt, herausgel\u00f6st aus der Hektik des Alltags.<\/li>\n<\/ul>\n\n\n\n<p><strong>Ab 21:00 bis 24:00 Uhr: Tanz auf dem L\u00fcbbener Marktplatz<\/strong><\/p>\n\n\n\n<ul class=\"wp-block-list\">\n<li>Der Tag klingt aus mit Musik Querbeet durch die Jahrzehnte von J. &amp; M. Musik, pr\u00e4sentiert vom Restaurant La Casa<\/li>\n<\/ul>\n\n\n\n<hr class=\"wp-block-separator has-alpha-channel-opacity\"\/>\n\n\n\n<h2 class=\"wp-block-heading\"><mark style=\"background-color:rgba(0, 0, 0, 0);color:#e8ba02\" class=\"has-inline-color\">\u00dcberblick der teilnehmende Gesch\u00e4fte <\/mark><\/h2>\n\n\n\n<p>avanti-Mode &amp;mehr<br>B\u00e4ckerei Drei\u00dfig GmbH &amp; Co. KG<br>ChicModehaus L\u00fcbben \u2013 Damen &amp; Herren<br>D&amp;H \u2013 Textilien<br>Delphin-Apotheke<br>Restaurant \u201eGoldener L\u00f6we\u201c<br>JEANSMEIER<br>Jens Gr\u00f6tschel Spiel- u. Lederwaren<br>Kaffeer\u00f6sterei &#8211; PIAMO Aroma &amp; Amore<br>Kids in LN<br>LingerieW\u00e4scheboutique Sabine Hoffmann<br>MODE EXPRESS No. 1Mode<br>Musculus Uhrmacher &amp; Juwelier<br>Paul \u2013 wohnen \u2022 schenken \u2022 leben<br>Piontek Sehstudio L\u00fcbben<br>Relax Sonnenstudio<br>Restaurant \u201eKoralle\u201c \u2013 Fisch &amp;Mehr<br>Restaurant La Casa<br>Uhren &amp; Schmuck Jungnickel<br>SPORT KARRAS<br>Spreewaldk\u00fcchen Spitzer GmbH<br>Stoffwandel Andr\u00e9Wai\u00df<br>Telekom Exklusiv Partner Shop<br>Traumkleid Braut- &amp; Festmode Heidi Schnitzer<br>Viantje \u2013 Fashion Lounge<br>\u2026 und vielemehr<\/p>\n\n\n\n<hr class=\"wp-block-separator has-alpha-channel-opacity\"\/>\n\n\n\n<h2 class=\"wp-block-heading\"><mark style=\"background-color:rgba(0, 0, 0, 0);color:#e8ba02\" class=\"has-inline-color\">Lageplan der L\u00fcbbener Innenstatdt<\/mark><\/h2>\n\n\n\n<figure class=\"wp-block-image size-full\"><img loading=\"lazy\" decoding=\"async\" width=\"600\" height=\"300\" src=\"https:\/\/www.quark-leinoel-meile.de\/wp-content\/uploads\/2023\/09\/Lageplan_600x300.jpg\" alt=\"\" class=\"wp-image-138\" srcset=\"https:\/\/www.quark-leinoel-meile.de\/wp-content\/uploads\/2023\/09\/Lageplan_600x300.jpg 600w, https:\/\/www.quark-leinoel-meile.de\/wp-content\/uploads\/2023\/09\/Lageplan_600x300-300x150.jpg 300w\" sizes=\"(max-width: 600px) 100vw, 600px\" \/><\/figure>\n","protected":false},"excerpt":{"rendered":"<p>L\u00fcbbener Shoppingnacht 2025 von 15:00 bis 21:00 Uhr Die Innenstadt von L\u00fcbben ist Zentrum unseres Einzelhandels und wichtiger Teil unseres \u00f6ffentlichen Lebens. Zur Shoppingnacht laden die L\u00fcbbener Akteure der Innenstadt ab 15:00 Uhr ein, herausgel\u00f6st aus der Hektik des Alltages, durch die geschm\u00fcckten Gesch\u00e4fte zu flanieren und in angenehmer Atmosph\u00e4re zu shoppen. Programm Ab 11:00 [&hellip;]<\/p>\n","protected":false},"author":1,"featured_media":0,"parent":0,"menu_order":0,"comment_status":"closed","ping_status":"closed","template":"","meta":{"footnotes":""},"class_list":["post-127","page","type-page","status-publish","hentry","post"],"_links":{"self":[{"href":"https:\/\/www.quark-leinoel-meile.de\/index.php?rest_route=\/wp\/v2\/pages\/127"}],"collection":[{"href":"https:\/\/www.quark-leinoel-meile.de\/index.php?rest_route=\/wp\/v2\/pages"}],"about":[{"href":"https:\/\/www.quark-leinoel-meile.de\/index.php?rest_route=\/wp\/v2\/types\/page"}],"author":[{"embeddable":true,"href":"https:\/\/www.quark-leinoel-meile.de\/index.php?rest_route=\/wp\/v2\/users\/1"}],"replies":[{"embeddable":true,"href":"https:\/\/www.quark-leinoel-meile.de\/index.php?rest_route=%2Fwp%2Fv2%2Fcomments&post=127"}],"version-history":[{"count":13,"href":"https:\/\/www.quark-leinoel-meile.de\/index.php?rest_route=\/wp\/v2\/pages\/127\/revisions"}],"predecessor-version":[{"id":384,"href":"https:\/\/www.quark-leinoel-meile.de\/index.php?rest_route=\/wp\/v2\/pages\/127\/revisions\/384"}],"wp:attachment":[{"href":"https:\/\/www.quark-leinoel-meile.de\/index.php?rest_route=%2Fwp%2Fv2%2Fmedia&parent=127"}],"curies":[{"name":"wp","href":"https:\/\/api.w.org\/{rel}","templated":true}]}}

<p><strong>Lübbener Shoppingnacht 2025 von 15:00 bis 21:00 Uhr  </strong></p>



<p>Die Innenstadt von Lübben ist Zentrum unseres Einzelhandels und wichtiger Teil unseres öffentlichen Lebens. Zur Shoppingnacht laden die Lübbener Akteure der Innenstadt ab 15:00 Uhr ein, herausgelöst aus der Hektik des Alltages, durch die geschmückten Geschäfte zu flanieren und in angenehmer Atmosphäre zu shoppen.</p>



<hr class="wp-block-separator has-alpha-channel-opacity"/>



<h2 class="wp-block-heading"><mark style="background-color:rgba(0, 0, 0, 0);color:#e8ba02" class="has-inline-color">Programm</mark></h2>



<p><strong>Ab 11:00 bis 17:00 Uhr: Quark-Leinöl-Meile  </strong></p>



<ul class="wp-block-list">
<li>Start der 3. Quark-Leinöl-Meile auf dem Lübbener Marktplatz</li>
</ul>



<p><strong>Ab 15:00 bis 21:00 Uhr: Shoppingnacht in der Lübbener Innenstadt</strong></p>



<ul class="wp-block-list">
<li>Alle teilnehmenden Geschäfte laden zu einem entspannten Einkaufs-Bummel durch die Innenstadt, herausgelöst aus der Hektik des Alltags.</li>
</ul>



<p><strong>Ab 21:00 bis 24:00 Uhr: Tanz auf dem Lübbener Marktplatz</strong></p>



<ul class="wp-block-list">
<li>Der Tag klingt aus mit Musik Querbeet durch die Jahrzehnte von J. &amp; M. Musik, präsentiert vom Restaurant La Casa</li>
</ul>



<hr class="wp-block-separator has-alpha-channel-opacity"/>



<h2 class="wp-block-heading"><mark style="background-color:rgba(0, 0, 0, 0);color:#e8ba02" class="has-inline-color">Überblick der teilnehmende Geschäfte </mark></h2>



<p>avanti-Mode &amp;mehr<br>Bäckerei Dreißig GmbH &amp; Co. KG<br>ChicModehaus Lübben – Damen &amp; Herren<br>D&amp;H – Textilien<br>Delphin-Apotheke<br>Restaurant „Goldener Löwe“<br>JEANSMEIER<br>Jens Grötschel Spiel- u. Lederwaren<br>Kaffeerösterei &#8211; PIAMO Aroma &amp; Amore<br>Kids in LN<br>LingerieWäscheboutique Sabine Hoffmann<br>MODE EXPRESS No. 1Mode<br>Musculus Uhrmacher &amp; Juwelier<br>Paul – wohnen • schenken • leben<br>Piontek Sehstudio Lübben<br>Relax Sonnenstudio<br>Restaurant „Koralle“ – Fisch &amp;Mehr<br>Restaurant La Casa<br>Uhren &amp; Schmuck Jungnickel<br>SPORT KARRAS<br>Spreewaldküchen Spitzer GmbH<br>Stoffwandel AndréWaiß<br>Telekom Exklusiv Partner Shop<br>Traumkleid Braut- &amp; Festmode Heidi Schnitzer<br>Viantje – Fashion Lounge<br>… und vielemehr</p>



<hr class="wp-block-separator has-alpha-channel-opacity"/>



<h2 class="wp-block-heading"><mark style="background-color:rgba(0, 0, 0, 0);color:#e8ba02" class="has-inline-color">Lageplan der Lübbener Innenstatdt</mark></h2>



<figure class="wp-block-image size-full"><img loading="lazy" decoding="async" width="600" height="300" src="https://www.quark-leinoel-meile.de/wp-content/uploads/2023/09/Lageplan_600x300.jpg" alt="" class="wp-image-138" srcset="https://www.quark-leinoel-meile.de/wp-content/uploads/2023/09/Lageplan_600x300.jpg 600w, https://www.quark-leinoel-meile.de/wp-content/uploads/2023/09/Lageplan_600x300-300x150.jpg 300w" sizes="(max-width: 600px) 100vw, 600px" /></figure>

<p>Lübbener Shoppingnacht 2025 von 15:00 bis 21:00 Uhr Die Innenstadt von Lübben ist Zentrum unseres Einzelhandels und wichtiger Teil unseres öffentlichen Lebens. Zur Shoppingnacht laden die Lübbener Akteure der Innenstadt ab 15:00 Uhr ein, herausgelöst aus der Hektik des Alltages, durch die geschmückten Geschäfte zu flanieren und in angenehmer Atmosphäre zu shoppen. Programm Ab 11:00 [&hellip;]</p>
