{"id":11,"date":"2023-08-29T15:23:08","date_gmt":"2023-08-29T15:23:08","guid":{"rendered":"http:\/\/www.quark-leinoel-meile.de\/?page_id=11"},"modified":"2024-08-15T07:37:44","modified_gmt":"2024-08-15T07:37:44","slug":"impressum","status":"publish","type":"page","link":"https:\/\/www.quark-leinoel-meile.de\/?page_id=11","title":{"rendered":"Impressum"},"content":{"rendered":"\n<h2 class=\"wp-block-heading\"><mark style=\"background-color:rgba(0, 0, 0, 0);color:#04973e\" class=\"has-inline-color\">Pflichtangaben<\/mark><\/h2>\n\n\n\n<p>Tourismusverein L\u00fcbben und Umgebung e. V.<\/p>\n\n\n\n<ul class=\"wp-block-list\">\n<li>Vorstandsvorsitzende: Olaf St\u00f6be<\/li>\n\n\n\n<li>Anschrift: Am Dorfanger 25  \u00b7  D-15907 L\u00fcbben<\/li>\n<\/ul>\n\n\n\n<p><\/p>\n\n\n\n<ul class=\"wp-block-list\">\n<li>Telefon: 01629667434<\/li>\n\n\n\n<li>E-Mail: <a href=\"mailto:info@tourismusverein-luebben.de\">info@tourismusverein-luebben.de<\/a><\/li>\n\n\n\n<li>Internet: <a href=\"http:\/\/www.tourismusverein-luebben.de\">www.tourismusverein-luebben.de<\/a><\/li>\n<\/ul>\n\n\n\n<p><\/p>\n\n\n\n<ul class=\"wp-block-list\">\n<li>Vereinsregister: 13289 Amtsgericht Cottbus<\/li>\n\n\n\n<li>Steuernummer: 049\/140\/01698<\/li>\n<\/ul>\n\n\n\n<hr class=\"wp-block-separator has-alpha-channel-opacity\"\/>\n\n\n\n<h2 class=\"wp-block-heading\"><mark style=\"background-color:rgba(0, 0, 0, 0);color:#04973e\" class=\"has-inline-color\">Haftungshinweis<\/mark><\/h2>\n\n\n\n<p>Trotz sorgf\u00e4ltiger inhaltlicher Kontrolle \u00fcbernehmen wir keine Haftung f\u00fcr die Inhalte externer Links.<\/p>\n\n\n\n<p>F\u00fcr den Inhalt der verlinkten Seiten sind ausschlie\u00dflich deren Betreiber verantwortlich.<\/p>\n\n\n\n<hr class=\"wp-block-separator has-alpha-channel-opacity\"\/>\n\n\n\n<h2 class=\"wp-block-heading\"><mark style=\"background-color:rgba(0, 0, 0, 0);color:#04973e\" class=\"has-inline-color\">Bankverbindung <\/mark><\/h2>\n\n\n\n<ul class=\"wp-block-list\">\n<li>Tourismusverein L\u00fcbben und Umgebung e.V.<\/li>\n\n\n\n<li>IBAN: DE191605000036810248<\/li>\n\n\n\n<li>SWIFT \/ BIC: WELADED1PMB<\/li>\n\n\n\n<li>Mittelbrandenburgische Sparkasse in Potsdam<\/li>\n<\/ul>\n\n\n\n<hr class=\"wp-block-separator has-alpha-channel-opacity\"\/>\n\n\n\n<h2 class=\"wp-block-heading\"><mark style=\"background-color:rgba(0, 0, 0, 0);color:#04973e\" class=\"has-inline-color\">Bildrechte<\/mark><\/h2>\n\n\n\n<p>\u00a9Miriam Schubert<\/p>\n","protected":false},"excerpt":{"rendered":"<p>Pflichtangaben Tourismusverein L\u00fcbben und Umgebung e. V. Haftungshinweis Trotz sorgf\u00e4ltiger inhaltlicher Kontrolle \u00fcbernehmen wir keine Haftung f\u00fcr die Inhalte externer Links. F\u00fcr den Inhalt der verlinkten Seiten sind ausschlie\u00dflich deren Betreiber verantwortlich. Bankverbindung Bildrechte \u00a9Miriam Schubert<\/p>\n","protected":false},"author":1,"featured_media":0,"parent":0,"menu_order":0,"comment_status":"closed","ping_status":"closed","template":"","meta":{"footnotes":""},"class_list":["post-11","page","type-page","status-publish","hentry","post"],"_links":{"self":[{"href":"https:\/\/www.quark-leinoel-meile.de\/index.php?rest_route=\/wp\/v2\/pages\/11"}],"collection":[{"href":"https:\/\/www.quark-leinoel-meile.de\/index.php?rest_route=\/wp\/v2\/pages"}],"about":[{"href":"https:\/\/www.quark-leinoel-meile.de\/index.php?rest_route=\/wp\/v2\/types\/page"}],"author":[{"embeddable":true,"href":"https:\/\/www.quark-leinoel-meile.de\/index.php?rest_route=\/wp\/v2\/users\/1"}],"replies":[{"embeddable":true,"href":"https:\/\/www.quark-leinoel-meile.de\/index.php?rest_route=%2Fwp%2Fv2%2Fcomments&post=11"}],"version-history":[{"count":2,"href":"https:\/\/www.quark-leinoel-meile.de\/index.php?rest_route=\/wp\/v2\/pages\/11\/revisions"}],"predecessor-version":[{"id":275,"href":"https:\/\/www.quark-leinoel-meile.de\/index.php?rest_route=\/wp\/v2\/pages\/11\/revisions\/275"}],"wp:attachment":[{"href":"https:\/\/www.quark-leinoel-meile.de\/index.php?rest_route=%2Fwp%2Fv2%2Fmedia&parent=11"}],"curies":[{"name":"wp","href":"https:\/\/api.w.org\/{rel}","templated":true}]}}